{"id":6,"date":"2020-04-16T13:02:35","date_gmt":"2020-04-16T13:02:35","guid":{"rendered":"https:\/\/new.kurti-07.com\/?page_id=6"},"modified":"2020-04-16T18:13:17","modified_gmt":"2020-04-16T18:13:17","slug":"home","status":"publish","type":"page","link":"https:\/\/kurti-07.com\/","title":{"rendered":"HOME"},"content":{"rendered":"<div class=\"wpb-content-wrapper\"><p>[vc_row][vc_column][vc_custom_heading text=&#8221;Miresevini ne Kurti-07 Sh.p.k&#8221; font_container=&#8221;tag:h2|text_align:left|color:%23000000&#8243; google_fonts=&#8221;font_family:Montserrat%3Aregular%2C700|font_style:400%20regular%3A400%3Anormal&#8221;][vc_separator color=&#8221;orange&#8221; align=&#8221;align_left&#8221; border_width=&#8221;5&#8243; el_width=&#8221;10&#8243;][\/vc_column][\/vc_row][vc_row][vc_column width=&#8221;1\/3&#8243;][vc_single_image image=&#8221;10&#8243; img_size=&#8221;full&#8221; alignment=&#8221;center&#8221;][vc_column_text]<\/p>\n<div id=\"ultimate-heading-23135e98572de90fa\" class=\"uvc-heading ult-adjust-bottom-margin ultimate-heading-23135e98572de90fa uvc-8477 \" data-hspacer=\"no_spacer\" data-halign=\"justify\">\n<div class=\"uvc-main-heading ult-responsive\" data-ultimate-target=\".uvc-heading.ultimate-heading-23135e98572de90fa h3\" data-responsive-json-new=\"{&quot;font-size&quot;:&quot;&quot;,&quot;line-height&quot;:&quot;&quot;}\">\n<h3 style=\"text-align: left;\">Rreth Nesh<\/h3>\n<\/div>\n<\/div>\n<div class=\"wpb_text_column wpb_content_element vc_custom_1489675321705\">\n<div class=\"wpb_wrapper\">\n<p style=\"text-align: justify;\">\u201cKURTI-07\u201d sh.p.k \u00ebsht\u00eb themeluar ne vitin 2007 me seli n\u00eb Rinas, me nj\u00eb aktivitet prej 10 vitesh n\u00eb fush\u00ebn e punimeve t\u00eb nd\u00ebrtimit, g\u00ebrmime, punime t\u00eb kanalizimeve, sistemime territoresh e zonash t\u00eb gjelbra, punime n\u00eb fush\u00ebn e uj\u00ebsjell\u00ebsave, furnizimi me inerte, materiale t\u00eb nd\u00ebrtimit dhe transporte t\u00eb llojeve t\u00eb ndyshme. Shoq\u00ebria jon\u00eb \u00ebsht\u00eb e njohur p\u00ebr t\u00eb gjitha llojet e punimeve t\u00eb nd\u00ebrtimit si dhe n\u00eb g\u00ebrmim dhe mbushje, sistemime dhe zhvillime t\u00eb zonave t\u00eb gjelbra.<\/p>\n<\/div>\n<\/div>\n<p>[\/vc_column_text][\/vc_column][vc_column width=&#8221;1\/3&#8243;][vc_single_image image=&#8221;11&#8243; img_size=&#8221;full&#8221; alignment=&#8221;center&#8221;][vc_column_text]<\/p>\n<div id=\"ultimate-heading-23135e98572de90fa\" class=\"uvc-heading ult-adjust-bottom-margin ultimate-heading-23135e98572de90fa uvc-8477 \" data-hspacer=\"no_spacer\" data-halign=\"justify\">\n<div class=\"uvc-main-heading ult-responsive\" data-ultimate-target=\".uvc-heading.ultimate-heading-23135e98572de90fa h3\" data-responsive-json-new=\"{&quot;font-size&quot;:&quot;&quot;,&quot;line-height&quot;:&quot;&quot;}\">\n<div id=\"ultimate-heading-73715e98572de9831\" class=\"uvc-heading ult-adjust-bottom-margin ultimate-heading-73715e98572de9831 uvc-7101 \" data-hspacer=\"no_spacer\" data-halign=\"justify\">\n<div class=\"uvc-main-heading ult-responsive\" data-ultimate-target=\".uvc-heading.ultimate-heading-73715e98572de9831 h3\" data-responsive-json-new=\"{&quot;font-size&quot;:&quot;&quot;,&quot;line-height&quot;:&quot;&quot;}\">\n<h3 style=\"text-align: left;\">Vlerat Tona<\/h3>\n<\/div>\n<\/div>\n<div class=\"wpb_text_column wpb_content_element vc_custom_1489675788348\">\n<div class=\"wpb_wrapper\">\n<p style=\"text-align: left;\">T\u00eb nd\u00ebrtojm\u00eb projekte me vler\u00eb, cil\u00ebsi t\u00eb padiskutueshme dhe standarde t\u00eb larta n\u00eb dobi t\u00eb klient\u00ebve, bashk\u00ebpun\u00ebtor\u00ebve tan\u00eb, si edhe komunitetit. Ne besojm\u00eb se punonj\u00ebsit jan\u00eb aseti m\u00eb i vyer i kompanis\u00eb son\u00eb. Sukseset dhe arritjet e vlerave i kushtohen ekspertiz\u00ebs, profesionalizmit dhe p\u00ebrkushtimit \u00a0t\u00eb tyre. Ne ofrojm\u00eb nj\u00eb sistem t\u00eb shk\u00eblqyer motivimi, si edhe kujdesemi p\u00ebr trajnimin e vazhduesh\u00ebm t\u00eb stafit.<\/p>\n<\/div>\n<\/div>\n<\/div>\n<\/div>\n<p>[\/vc_column_text][\/vc_column][vc_column width=&#8221;1\/3&#8243;][vc_single_image image=&#8221;12&#8243; img_size=&#8221;full&#8221; alignment=&#8221;center&#8221;][vc_column_text]<\/p>\n<div id=\"ultimate-heading-23135e98572de90fa\" class=\"uvc-heading ult-adjust-bottom-margin ultimate-heading-23135e98572de90fa uvc-8477 \" data-hspacer=\"no_spacer\" data-halign=\"justify\">\n<div class=\"uvc-main-heading ult-responsive\" data-ultimate-target=\".uvc-heading.ultimate-heading-23135e98572de90fa h3\" data-responsive-json-new=\"{&quot;font-size&quot;:&quot;&quot;,&quot;line-height&quot;:&quot;&quot;}\">\n<div id=\"ultimate-heading-52565e98572de9e94\" class=\"uvc-heading ult-adjust-bottom-margin ultimate-heading-52565e98572de9e94 uvc-2905 \" data-hspacer=\"no_spacer\" data-halign=\"justify\">\n<div class=\"uvc-main-heading ult-responsive\" data-ultimate-target=\".uvc-heading.ultimate-heading-52565e98572de9e94 h3\" data-responsive-json-new=\"{&quot;font-size&quot;:&quot;&quot;,&quot;line-height&quot;:&quot;&quot;}\">\n<h3 style=\"text-align: left;\">Punimet Tona<\/h3>\n<\/div>\n<\/div>\n<div class=\"wpb_text_column wpb_content_element vc_custom_1489675829065\">\n<div class=\"wpb_wrapper\">\n<p style=\"text-align: justify;\">\u201cKurti 07\u201d ofron nje gam\u00eb t\u00eb gjer\u00eb sh\u00ebrbimesh duke filluar nga\u00a0punimet\u00a0e nd\u00ebrtimit, g\u00ebrmime, punime t\u00eb kanalizimeve, sistemime territoresh e zonash t\u00eb gjelbra, punime n\u00eb fush\u00ebn e uj\u00ebsjell\u00ebsave, furnizimi me inerte, materiale t\u00eb nd\u00ebrtimit dhe transporte t\u00eb llojeve t\u00eb ndyshme.Disa nga punimet tona jan\u00eb : \u201cTIRANA BUSINESS PARK\u201d ,Aeroporti \u201cN\u00ebn\u00eb Tereza\u201d Tiran\u00eb, Punimet n\u00eb pjes\u00ebn e br\u00ebndshme t\u00eb A.N.T.A sha dhe shume projekte t\u00eb tjera.<\/p>\n<\/div>\n<\/div>\n<\/div>\n<\/div>\n<p>[\/vc_column_text][\/vc_column][\/vc_row][vc_row full_width=&#8221;stretch_row&#8221; css=&#8221;.vc_custom_1587043926818{background-color: #efefef !important;}&#8221;][vc_column][vc_custom_heading text=&#8221;Sherbimet Tona&#8221; font_container=&#8221;tag:h2|text_align:left|color:%23000000&#8243; google_fonts=&#8221;font_family:Montserrat%3Aregular%2C700|font_style:400%20regular%3A400%3Anormal&#8221;][vc_separator color=&#8221;orange&#8221; align=&#8221;align_left&#8221; border_width=&#8221;5&#8243; el_width=&#8221;10&#8243;][vc_row_inner][vc_column_inner width=&#8221;1\/3&#8243;][vc_custom_heading text=&#8221;Punime ne fushen e ndertimit&#8221; font_container=&#8221;tag:h3|text_align:left|color:%23fa7e27&#8243; google_fonts=&#8221;font_family:Montserrat%3Aregular%2C700|font_style:400%20regular%3A400%3Anormal&#8221;][vc_column_text]<\/p>\n<p style=\"text-align: justify;\">Kurti-07 shpk ofron punime ne fushen e ndertimit te tilla si: ndertime dhe rikonstruksione rrugesh dhe pajisjen e tyre me sinjalistiken perkatese. Ndertime landscape, punime ne fushen e ujesjellesave, kanalizime te rrjeteve elekrike dhe sinjalistikave. Punime betoni te tilla si, godina civile dhe industriale, ndertimi i digave, sistemime sheshesh. Ndertim dhe rikonsruksion trotuaresh, ndricim trotuari, veshje anesore te lumenjeve me mure guri dhe nje sere punimesh te tjera civile.<\/p>\n<p>[\/vc_column_text][\/vc_column_inner][vc_column_inner width=&#8221;1\/3&#8243;][vc_custom_heading text=&#8221;Punime germimi&#8221; font_container=&#8221;tag:h3|text_align:left|color:%23fa7e27&#8243; google_fonts=&#8221;font_family:Montserrat%3Aregular%2C700|font_style:400%20regular%3A400%3Anormal&#8221;][vc_column_text]<\/p>\n<p style=\"text-align: justify;\">Kompania jone eshte specializuar ne g\u00ebrmimet p\u00ebr objektet nd\u00ebrtimore, si komplekse pallatesh, terminale, qendra biznesi, kjo fale ekspriences shume vjecare dhe numrit te larte te makinerive qe zoteron. Gjithashtu ofron sherbime germimi p\u00ebr realizimin e rrug\u00ebve, skarpatave dhe bazamenteve p\u00ebr shtyllat e tensionit t\u00eb lart\u00eb. Germime per kanalizime t\u00eb uj\u00ebrave t\u00eb shiut, drenazhe t\u00eb uj\u00ebrave t\u00eb bardha, te rrjeteve elektrike, sinjalistikave dhe te argjinaturave per ndertimin e vaskave te peshkut.<\/p>\n<p>[\/vc_column_text][\/vc_column_inner][vc_column_inner width=&#8221;1\/3&#8243;][vc_custom_heading text=&#8221;Furnizimi me material ndertimi, inerte&#8221; font_container=&#8221;tag:h3|text_align:left|color:%23fa7e27&#8243; google_fonts=&#8221;font_family:Montserrat%3Aregular%2C700|font_style:400%20regular%3A400%3Anormal&#8221;][vc_column_text]<\/p>\n<p style=\"text-align: justify;\">Gjithashtu kompania jone ofron furnizime te materialeve te ndertimit, beton, tulla dhe tjegulla me karakteristika e ndryshme dhe cilesi te larte. Furnizim me inerte te te gjitha llojeve kjo ne varesi te porosive, pervec furnizimit me inerte ofrohet vendosja, nivelimi dhe ngjeshja e tyre ne objektet ose sheshet e ndertimit.<\/p>\n<p>[\/vc_column_text][\/vc_column_inner][\/vc_row_inner][vc_row_inner][vc_column_inner width=&#8221;1\/3&#8243;][vc_custom_heading text=&#8221;Mirembajtje, sistemime territoresh dhe zonash te gjelbra&#8221; font_container=&#8221;tag:h3|text_align:left|color:%23fa7e27&#8243; google_fonts=&#8221;font_family:Montserrat%3Aregular%2C700|font_style:400%20regular%3A400%3Anormal&#8221;][vc_column_text]<\/p>\n<p style=\"text-align: justify;\">Eksperience disa vjecare ne sektorin e mirembajtjes, te kontraktuar prej disa vitesh ne mirembajtjen e zones ajrore te Tirana International Airport, t\u00eb nj\u00eb sip\u00ebrfaqeje prej 197 hektar\u00ebsh. Sherbime p\u00ebr mir\u00ebmbajtjen e zonave t\u00eb gjelberta, mbjellje e barit dhe pemeve dekorative, prerja dhe transport i barit. Kryerja e te gjithave punimeve te nevojshme per punimet e ri-nivelimit te terreneve. Realizimin e punimeve te nevojshme me qellim mirembajtjen e sistemit te kanalizimeve tubave te shkarkimit dhe kanaleve nentokesore.<\/p>\n<p>[\/vc_column_text][\/vc_column_inner][vc_column_inner width=&#8221;1\/3&#8243;][vc_custom_heading text=&#8221;Transport te inerteve , lendeve minerare dhe makinerive te renda&#8221; font_container=&#8221;tag:h3|text_align:left|color:%23fa7e27&#8243; google_fonts=&#8221;font_family:Montserrat%3Aregular%2C700|font_style:400%20regular%3A400%3Anormal&#8221;][vc_column_text]<\/p>\n<p style=\"text-align: justify;\">Kurti-07 shpk ka ne pronesi te saj nje numer te konsiderueshem mjetesh transporti si, kamjoncina, kamione veteshkarkues per transporte te ndryshme si inerte dhe lende minerare. Qe prej nje dekade kompani jone ofron transortin e lendeve minerale per nje nga fabrikat lider ne prodhimin e tullave dhe tjegullave ne Shqiperi. Ne pronesi te saj jane edhe nje sere mjetesh te tjera per transportin e makinerive te renda si, trailera dhe rimorkiatore. Gjithashtu ne cdo kohe ofron sherbime transporti per trete per mallra dhe tonazhe te ndryshme.<\/p>\n<p>[\/vc_column_text][\/vc_column_inner][vc_column_inner width=&#8221;1\/3&#8243;][\/vc_column_inner][\/vc_row_inner][\/vc_column][\/vc_row][vc_row full_width=&#8221;stretch_row&#8221; content_placement=&#8221;middle&#8221; parallax=&#8221;content-moving-fade&#8221; parallax_image=&#8221;100&#8243; bg_type=&#8221;image&#8221; parallax_style=&#8221;vcpb-default&#8221; bg_image_new=&#8221;id^15|url^https:\/\/kurti-07.com\/wp-content\/uploads\/2020\/04\/kurti-o7.jpg|caption^null|alt^null|title^kurti-o7|description^null&#8221; bg_image_repeat=&#8221;no-repeat&#8221; bg_override=&#8221;ex-full&#8221;][vc_column][vc_empty_space height=&#8221;62px&#8221;][vc_column_text]<\/p>\n<div class=\"uvc-main-heading ult-responsive\" data-ultimate-target=\".uvc-heading.ultimate-heading-95515e98572deb388 h2\" data-responsive-json-new=\"{&quot;font-size&quot;:&quot;desktop:30px;&quot;,&quot;line-height&quot;:&quot;desktop:35px;&quot;}\">\n<h2 style=\"color: #ffffff;\">Na Kontaktoni<\/h2>\n<\/div>\n<div class=\"uvc-sub-heading ult-responsive\" style=\"color: #ffffff;\" data-ultimate-target=\".uvc-heading.ultimate-heading-95515e98572deb388 .uvc-sub-heading \" data-responsive-json-new=\"{&quot;font-size&quot;:&quot;desktop:16px;&quot;,&quot;line-height&quot;:&quot;desktop:28px;&quot;}\">Ne rast se keni nje projekt dhe kerkoni qe ta realizoni ne menyre cilesore dhe korrekte ne jemi te hapur<br \/>\nqe tju ofrojme sherbimet tona duke u bazuar ne eksperincen disa vjecare.<\/div>\n<p>[\/vc_column_text][vc_btn title=&#8221;KONTAKTO&#8221; shape=&#8221;square&#8221; color=&#8221;warning&#8221; align=&#8221;left&#8221; link=&#8221;url:%2Findex.php%2Fkontakt%2F|||&#8221;][vc_empty_space height=&#8221;62px&#8221;][\/vc_column][\/vc_row][vc_row][vc_column][vc_custom_heading text=&#8221;Partneret tane:&#8221; font_container=&#8221;tag:h2|text_align:left|color:%23000000&#8243; google_fonts=&#8221;font_family:Montserrat%3Aregular%2C700|font_style:400%20regular%3A400%3Anormal&#8221;][vc_separator color=&#8221;orange&#8221; align=&#8221;align_left&#8221; border_width=&#8221;5&#8243; el_width=&#8221;10&#8243;][\/vc_column][\/vc_row][vc_row][vc_column width=&#8221;1\/4&#8243;][vc_single_image image=&#8221;74&#8243; img_size=&#8221;full&#8221; alignment=&#8221;center&#8221; style=&#8221;vc_box_shadow_border&#8221;][\/vc_column][vc_column width=&#8221;1\/4&#8243;][vc_single_image image=&#8221;81&#8243; img_size=&#8221;full&#8221; alignment=&#8221;center&#8221; style=&#8221;vc_box_shadow_border&#8221;][\/vc_column][vc_column width=&#8221;1\/4&#8243;][vc_single_image image=&#8221;78&#8243; img_size=&#8221;full&#8221; alignment=&#8221;center&#8221; style=&#8221;vc_box_shadow_border&#8221;][\/vc_column][vc_column width=&#8221;1\/4&#8243;][vc_single_image image=&#8221;80&#8243; img_size=&#8221;full&#8221; alignment=&#8221;center&#8221; style=&#8221;vc_box_shadow_border&#8221;][\/vc_column][\/vc_row][vc_row][vc_column width=&#8221;1\/4&#8243;][vc_single_image image=&#8221;76&#8243; img_size=&#8221;full&#8221; alignment=&#8221;center&#8221; style=&#8221;vc_box_shadow_border&#8221;][\/vc_column][vc_column width=&#8221;1\/4&#8243;][vc_single_image image=&#8221;73&#8243; img_size=&#8221;full&#8221; alignment=&#8221;center&#8221; style=&#8221;vc_box_shadow_border&#8221;][\/vc_column][vc_column width=&#8221;1\/4&#8243;][vc_single_image image=&#8221;77&#8243; img_size=&#8221;full&#8221; alignment=&#8221;center&#8221; style=&#8221;vc_box_shadow_border&#8221;][\/vc_column][vc_column width=&#8221;1\/4&#8243;][vc_single_image image=&#8221;83&#8243; img_size=&#8221;full&#8221; alignment=&#8221;center&#8221; style=&#8221;vc_box_shadow_border&#8221;][\/vc_column][\/vc_row][vc_row][vc_column width=&#8221;1\/4&#8243;][vc_single_image image=&#8221;79&#8243; img_size=&#8221;full&#8221; alignment=&#8221;center&#8221; style=&#8221;vc_box_shadow_border&#8221;][\/vc_column][vc_column width=&#8221;1\/4&#8243;][vc_single_image image=&#8221;88&#8243; img_size=&#8221;260*155&#8243; alignment=&#8221;center&#8221; style=&#8221;vc_box_shadow_border&#8221;][\/vc_column][vc_column width=&#8221;1\/4&#8243;][vc_single_image image=&#8221;92&#8243; img_size=&#8221;260*155&#8243; alignment=&#8221;center&#8221; style=&#8221;vc_box_shadow_border&#8221;][\/vc_column][vc_column width=&#8221;1\/4&#8243;][vc_single_image image=&#8221;91&#8243; img_size=&#8221;full&#8221; alignment=&#8221;center&#8221; style=&#8221;vc_box_shadow_border&#8221;][\/vc_column][\/vc_row]<\/p>\n<\/div>","protected":false},"excerpt":{"rendered":"<p>[vc_row][vc_column][vc_custom_heading text=&#8221;Miresevini ne Kurti-07 Sh.p.k&#8221; font_container=&#8221;tag:h2|text_align:left|color:%23000000&#8243; google_fonts=&#8221;font_family:Montserrat%3Aregular%2C700|font_style:400%20regular%3A400%3Anormal&#8221;][vc_separator color=&#8221;orange&#8221; align=&#8221;align_left&#8221; border_width=&#8221;5&#8243; el_width=&#8221;10&#8243;][\/vc_column][\/vc_row][vc_row][vc_column width=&#8221;1\/3&#8243;][vc_single_image image=&#8221;10&#8243; img_size=&#8221;full&#8221; alignment=&#8221;center&#8221;][vc_column_text] Rreth Nesh \u201cKURTI-07\u201d sh.p.k \u00ebsht\u00eb themeluar ne vitin 2007 me seli n\u00eb Rinas, me nj\u00eb aktivitet prej 10 vitesh n\u00eb fush\u00ebn e punimeve t\u00eb nd\u00ebrtimit, g\u00ebrmime, punime t\u00eb kanalizimeve, sistemime territoresh e zonash t\u00eb gjelbra, punime n\u00eb fush\u00ebn e uj\u00ebsjell\u00ebsave,&hellip;<\/p>\n","protected":false},"author":1,"featured_media":0,"parent":0,"menu_order":0,"comment_status":"closed","ping_status":"closed","template":"","meta":{"footnotes":""},"class_list":["post-6","page","type-page","status-publish","hentry","description-off"],"_links":{"self":[{"href":"https:\/\/kurti-07.com\/index.php\/wp-json\/wp\/v2\/pages\/6","targetHints":{"allow":["GET"]}}],"collection":[{"href":"https:\/\/kurti-07.com\/index.php\/wp-json\/wp\/v2\/pages"}],"about":[{"href":"https:\/\/kurti-07.com\/index.php\/wp-json\/wp\/v2\/types\/page"}],"author":[{"embeddable":true,"href":"https:\/\/kurti-07.com\/index.php\/wp-json\/wp\/v2\/users\/1"}],"replies":[{"embeddable":true,"href":"https:\/\/kurti-07.com\/index.php\/wp-json\/wp\/v2\/comments?post=6"}],"version-history":[{"count":19,"href":"https:\/\/kurti-07.com\/index.php\/wp-json\/wp\/v2\/pages\/6\/revisions"}],"predecessor-version":[{"id":101,"href":"https:\/\/kurti-07.com\/index.php\/wp-json\/wp\/v2\/pages\/6\/revisions\/101"}],"wp:attachment":[{"href":"https:\/\/kurti-07.com\/index.php\/wp-json\/wp\/v2\/media?parent=6"}],"curies":[{"name":"wp","href":"https:\/\/api.w.org\/{rel}","templated":true}]}}